3 (base 11) to base 13.
-6b8b19
Convert -35135102 (base 6) to base 12.
-444492
Convert 2111220220 (base 3) to base 6.
1021123
What is -1363785 (base 10) in base 4?
-11030331021
149726 (base 10) to base 7
1162343
What is -131072 (base 11) in base 14?
-552da
-3335118 (base 11) to base 10
-5848554
What is 1434333 (base 8) in base 7?
3315560
-31567 (base 10) to base 13
-114a3
What is 11110010010 (base 3) in base 16?
1560c
Convert -6702 (base 10) to base 7.
-25353
What is -111010100110001000010 (base 2) in base 3?
-10121112211120
Convert 20311010 (base 5) to base 15.
34470
-10527 (base 10) to base 14
-3b9d
What is 2243314143 (base 5) in base 7?
60662450
Convert 23527 (base 10) to base 5.
1223102
Convert 3d346d (base 14) to base 12.
864009
11103011 (base 4) to base 3
1002202202
11212044 (base 5) to base 15
1ed69
-4310144200 (base 5) to base 8
-42460203
Convert -4a82a7 (base 11) to base 6.
-25103113
What is 30772 (base 8) in base 6?
135122
Convert -11322220020 (base 4) to base 9.
-2823333
What is 32974 (base 15) in base 10?
160759
-120110010002 (base 3) to base 9
-513102
ac51 (base 13) to base 7
130105
-269e2 (base 15) to base 14
-33145
Convert 1100101100101010010 (base 2) to base 3.
210010202110
Convert -ba161 (base 12) to base 6.
-5133001
What is -73757 (base 10) in base 11?
-50462
What is 1b83f6 (base 16) in base 10?
1803254
Convert -310155 (base 8) to base 13.
-37874
Convert -19c9e0 (base 15) to base 5.
-310221420
-75c054 (base 15) to base 2
-10101011001011101110001
Convert -230240313 (base 5) to base 13.
-29b3b6
1db09 (base 15) to base 5
11100414
What is -4655115 (base 7) in base 5?
-122211334
Convert 11111101011110000 (base 2) to base 7.
1050233
Convert -10111012011 (base 3) to base 8.
-206071
Convert 11012212102022 (base 3) to base 2.
1000100011001011100011
Convert 110111120120222 (base 3) to base 4.
121112030321
Convert 10205540 (base 9) to base 10.
4905153
What is 235009 (base 14) in base 7?
13145012
Convert 13231212303 (base 4) to base 10.
2021811
211102000100022 (base 3) to base 15
10a367b
-6547821 (base 9) to base 4
-31122120001
Convert -769ee (base 16) to base 12.
-1b5212
-67113502 (base 8) to base 4
-313021131002
Convert 22db4 (base 14) to base 8.
246042
Convert -1323012133 (base 4) to base 15.
-9e5ed
Convert 26113525 (base 7) to base 11.
1381260
Convert 1001100011100011011010 (base 2) to base 11.
1460a92
248962 (base 12) to base 16
9175a
What is 3945006 (base 10) in base 6?
220315530
What is ca4116 (base 13) in base 4?
102013230112
403c12 (base 13) to base 7
15461056
What is 1741166 (base 8) in base 13?
14a610
19694a (base 11) to base 10
301949
What is -5d8700 (base 15) in base 12?
-16027b3
Convert -11c91 (base 16) to base 9.
-120833
What is -471053 (base 8) in base 14?
-425bd
Convert 1102210211111 (base 3) to base 5.
143420440
Convert -bcb40c (base 13) to base 10.
-4451810
Convert 12005122 (base 8) to base 7.
31206246
1b436 (base 13) to base 15
10c84
Convert 28268 (base 12) to base 13.
1c44b
What is -6126160 (base 8) in base 3?
-10001011010012
What is 40405510 (base 7) in base 8?
14651047
Convert -186172 (base 9) to base 13.
-40a96
-553644 (base 8) to base 4
-231132210
What is -13001103033 (base 4) in base 10?
-1840335
451077 (base 8) to base 5
14332002
What is -423403 (base 8) in base 12?
-6976b
What is 25462335 (base 7) in base 16?
235e00
11b265b (base 14) to base 7
132135444
What is 2644ba (base 12) in base 8?
2315716
Convert 170645c (base 13) to base 9.
14888428
Convert -1110001001111111110 (base 2) to base 14.
-c1098
What is 661131 (base 7) in base 11?
79998
2013023 (base 5) to base 15
985d
-12887 (base 10) to base 9
-18608
What is 4e34e0 (base 15) in base 10?
3757485
What is 1685447 (base 9) in base 5?
220122420
45154444 (base 7) to base 2
1110111011010001111101
2104450 (base 9) to base 11
6a9434
-1402130231 (base 5) to base 16
-3632c5
What is -1020220121201 (base 3) in base 10?
-667486
What is 2120053 (base 6) in base 16?
19521
-100111100000000010 (base 2) to base 7
-1242463
Convert -231111233 (base 4) to base 2.
-101101010101101111
-48037 (base 11) to base 6
-1252340
What is 14444075 (base 8) in base 9?
6172256
Convert 252774 (base 16) to base 3.
11120201002200
What is -23312201031 (base 4) in base 13?
-84a1ca
Convert -289148 (base 11) to base 10.
-451382
What is -12538583 (base 9) in base 7?
-103263600
What is -1a32346 (base 11) in base 6?
-201255153
What is -470000 (base 10) in base 13?
-135c0b
-10595 (base 11) to base 14
-5846
What is 1010110011011101010 (base 2) in base 16?
566ea
What is -2243c (base 14) in base 2?
-10100010011010110
Convert -222314202 (base 5) to base 3.
-1211202100110
What is -12120233 (base 6) in base 10?
-383709
3010100 (base 4) to base 15
3ac5
Convert 53bbc (base 14) to base 6.
4202042
Convert -12150c (base 14) to base 5.
-124242032
-4a3c0c (base 13) to base 4
-12302123111
-222012220220 (base 3) to base 8
-1757753
-13032044 (base 5) to base 9
-213366
Convert -332244 (base 8) to base 14.
-2ca44
What is -50771 (base 12) in base 4?
-121211011
Convert -11120314 (base 5) to base 16.
-17fa1
-7d12c (base 14) to base 11
-19901a
12201123 (base 4) to base 5
1323330
What is 20222222200 (base 3) in base 11?
94568
Convert -44caa (base 13) to base 2.
-11110100100010000
Convert -1011010111111100 (base 2) to base 16.
-b5fc
-108072 (base 9) to base 2
-1111110110110010
What is 114330322 (base 5) in base 11?
340721
What is -19905 (base 14) in base 5?
-4034011
Convert 110101110100101010 (base 2) to base 11.
1406a7
-11312400 (base 5) to base 16
-196a4
What is -659603 (base 10) in base 8?
-2410223
What is 45655145 (base 8) in base 2?
100101110101101001100101
Convert -723036 (base 9) to base 8.
-1505215
132458 (base 13) to base 7
3633200
What is 1341446 (base 8) in base 10?
377638
Convert 2075270 (base 12) to base 6.
335145420
Convert -10122020120 (base 3) to base 10.
-71619
-c7dea (base 16) to base 14
-1744c2
What is -499b6b2 (base 12) in base 7?
-233212340
What is 23052035 (base 6) in base 7?
6002366
-332b9 (base 14) to base 12
-5b943
5400352 (base 6) to base 8
1004514
Convert 34901 (base 10) to base 3.
1202212122
What is 302101323 (base 4) in base 11?
130805
Convert 120025403 (base 6) to base 14.
425763
130156064 (base 7) to base 10
8266346
-152621 (base 7) to base 4
-13101233
What is -4924861 (base 11) in base 15?
-b449ce
Convert 121020220220 (base 3) to base 11.
1a9446
Convert -a1b64 (base 13) to base 6.
-10113232
What is -10ee567 (base 15) in base 8?
-56256207
What is -17c164 (base 13) in base 6?
-20451431
Convert 10254415 (base 7) to base 14.
18947c
271243 (base 8) to base 2
10111001010100011
What is -1113320300 (base 4) in base 11?
-226509
-9b41 (base 13) to base 9
-32664
What is -12524884 (base 9) in base 13?
-1377b05
Convert -34501114 (base 6) to base 5.
-233044244
-112434421 (base 5) to base 14
-d596a
Convert -220202200222 (base 3) to base 5.
-111044414
-167494 (base 10) to base 11
-104928
What is -30013200213 (base 4) in base 3?
-12222101022200
What is 4b7614 (base 14) in base 5?
1131004044
37d1a8 (base 15) to base 8
12154026
-5903a (base 11) to base 8
-246353
Convert 1d817 (base 16) to base 8.
354027
Convert -28a342 (base 12) to base 7.
-5535224
Convert 21130142 (base 5) to base 10.
176922
What is 10343344 (base 5) in base 9?
147086
Convert 35152031 (base 8) to base 16.
74d419
-34201130 (base 5) to base 14
-7c758
What is 10111011001110111111011 (base 2) in base 8?
27316773
What is 10101110020101 (base 3) in base 7?
21205012
Convert 22500116 (base 8) to base 16.
4a804e
Convert -26e0bc (base 16) to base 2.
-1001101110000010111100
What is 36c60 (base 13) in base 9?
163450
30411 (base 15) to base 3
21202120221
Convert -477a30 (base 11) to base 4.
-2320320003
What is -100101110100100101000 (base 2) in base 15?
-197326
-b243 (base 13) to base 2
-101111111110000
What is -544a9 (base 16) in base 12?
-147975
What is -12624641 (base 7) in base 6?
-40554552
-15401026 (base 10) to base 9
-31873211
What is 1140 (base 10) in base 9?
1506
What is 101011101110011101 (base 2) in base 5?
21212401
-264600063 (base 7) to base 12
-585a573
What is 100100001111100000000 (base 2) in base 4?
10201330000
-3063733 (base 9) to base 6
-55024133
Convert 2236164 (base 7) to base 6.
5544140
What is -d4c4a9 (base 14) in base 2?
-110110110